6. What is the greatest common factor of o and 285?
57
Let h = 150 - 35. Suppose 0 = -79*p + 78*p + h. What is the highest common divisor of 23 and p?
23
Let x be (-2 - 1654)/((-186)/124). What is the highest common factor of x and 345?
69
Suppose 0 = -9*x + 5*j + 221 + 64, -x - 2*j + 47 = 0. Calculate the greatest common divisor of 91 and x.
7
Let q = 44 + -25. Let g be 1*(-3 + 4)*-271. Let r = -252 - g. Calculate the highest common divisor of q and r.
19
Suppose -6*i = -4551 + 4389. Calculate the greatest common divisor of i and 14229.
27
Let a be (3 - 0) + 8 - -482. Calculate the greatest common factor of a and 116.
29
Let d be 11/(-165)*-15*7. Calculate the greatest common divisor of 8435 and d.
7
Let p(i) = 4*i**2 - 7*i - 7. Let o be p(-4). Suppose 3*m + 5*r = 60, 2*r = -m + 3*r + 28. Suppose 77 = 6*l - m. What is the greatest common divisor of l and o?
17
Suppose 4*w - 1 = -5, 3*w - 377 = -2*h. Let v = h + -163. Let s = -3 - -6. What is the highest common divisor of v and s?
3
Let k(w) = 25*w - 28. Let a be k(1). Let r be (-972)/(-144) - (a/(-4) + 0). Let d = 3 + -1. Calculate the highest common divisor of d and r.
2
Suppose -326 = 6*n - 404. Suppose 4*z = 7 + 5. Let p be z/(-7) - (-828)/21. Calculate the highest common factor of n and p.
13
Let b(c) = -c**3 + 9*c**2 + 9*c + 25. Let q be b(10). Let g(w) = -4*w + 72. Let o be g(q). Calculate the highest common divisor of o and 36.
12
Suppose -2*q + 0*q = 3*q. Suppose q*c - 1104 = -12*c. Calculate the greatest common divisor of c and 230.
46
Suppose -10 = -5*z, f - 5*z + 23 + 2 = 0. Let h be (44/33)/((-4)/f). Let w be 29/5 + 1/h. Calculate the highest common divisor of w and 42.
6
Suppose 22*q = 21*q - a + 654, -3297 = -5*q + 4*a. Calculate the highest common divisor of q and 144.
9
Let q(m) be the third derivative of 7*m**5/10 + m**4/24 - m**3/6 + 12*m**2. Let z be q(1). Let b = z + -12. What is the highest common divisor of 12 and b?
6
Let b = -244 + 256. Let p(f) = 3*f**2 - f + 53. Let v be p(b). What is the greatest common divisor of v and 11?
11
Let i = 1414 + -1390. Suppose -4*p + 14 = 86. Let o = 30 + p. What is the highest common factor of i and o?
12
Let x = 5 + -6. Let s be ((-3)/x)/(4/12) - -1. What is the highest common factor of 4 and s?
2
Let c(s) = -44*s**2 - 4005*s + 205. Let k be c(-91). Let j = 119 + -82. Calculate the highest common divisor of k and j.
37
Suppose w - 7 = 10. Suppose 3*o - w - 16 = 0. Let m = 457 - 369. What is the highest common factor of o and m?
11
Suppose -90*g + 85*g - 15 = 0. Let s be (-495)/(-4)*(g - 21/(-3)). Calculate the greatest common divisor of 55 and s.
55
Let c be 1/((-4)/24*-2). Suppose -3*o + d + 47 = c, -o - 4 = -5*d. Let u be 80/15 + 200/75. What is the highest common factor of o and u?
8
Let n = -121 - -180. Suppose 0 = -3*i + n - 41. Suppose i*f - 963 = -387. Calculate the greatest common factor of f and 12.
12
Let d = 2907 - 2803. Calculate the greatest common divisor of 65 and d.
13
Let m be (-348)/(-39)*1 - 38/(-494). Calculate the highest common divisor of m and 7632.
9
Let z(f) = -16*f**2 - 20*f - 66. Let t be z(-4). Let d = -208 - t. What is the highest common factor of 10 and d?
2
Let n be ((-1647)/(-21))/9*7. Suppose -902 - 806 = -4*p. Calculate the highest common factor of p and n.
61
Suppose 7*r + q = 6*r + 8, 5*r + 10 = 5*q. Let k be (-8 - -1)*1/r*-3. Calculate the greatest common divisor of 1 and k.
1
Suppose 4*j + 436 = -3*h + 2997, j = -5*h + 4223. What is the highest common divisor of h and 6?
3
Suppose 5798 = t + 4*w + 759, 0 = 2*t + 11*w - 10060. Calculate the greatest common divisor of 83 and t.
83
Suppose -92*z + 3734 + 20830 = 0. Calculate the highest common factor of z and 1157.
89
Let m(b) = 2*b**3 - 6*b**2 + 4*b + 12. Let f be m(2). Calculate the greatest common divisor of 204 and f.
12
Let u(k) be the second derivative of -k**5/20 - k**4/12 - k**3/6 + 153*k**2/2 + k + 3. Let x be u(0). Calculate the greatest common factor of 34 and x.
17
Suppose -5*y + 166 - 146 = 0. Suppose 30 + 19 = t - y*r, 4*r + 179 = 3*t. Calculate the highest common divisor of t and 715.
65
Let x(w) = w**3 + 11*w**2 - 3*w + 70. Let k be x(6). What is the greatest common divisor of k and 1909?
83
Suppose 4*u + 3*y - 23 = 0, 3*u + 5*y = -2*u + 35. Let r be 3 + 0 + (-3 - 1). Let j = r - -9. What is the highest common divisor of j and u?
2
Let k be (14370/4)/(48 + (-11430)/240). Calculate the highest common factor of 40 and k.
20
Let n = -10630 - -12196. Calculate the highest common divisor of 2958 and n.
174
Let w = -2131 - -2983. What is the highest common factor of 276 and w?
12
Let z(m) be the third derivative of -m**5/60 - 3*m**4/8 + 2*m**3 + 191*m**2. Let l be z(-9). Calculate the greatest common factor of 192 and l.
12
Let h be (-13761)/(-63) - 24/56 - 1. Calculate the greatest common factor of 238 and h.
7
Let a = 4792 + 5108. What is the highest common divisor of 176 and a?
44
Suppose 0 = -2*q + 3*b + 69, -2*q + 7*q = b + 140. Suppose -h + q = -27. What is the highest common divisor of 12 and h?
6
Suppose -119*b - 15432 + 137224 = -75*b. Calculate the greatest common divisor of b and 160.
16
Suppose -83*d + 9*d = -19240. Let p(q) = 13*q**3 - q**2 + 1. Let y be p(-1). Let s(f) = f + 23. Let m be s(y). Calculate the highest common divisor of m and d.
10
Let t(r) = -r**2 + 16*r - 34. Let q be t(14). Let w be q + 14 + -5 + 2. Let v = 54 + -29. What is the greatest common divisor of w and v?
5
Let t(z) = -628*z - 1604. Let f be t(-5). What is the highest common factor of f and 120?
24
Let g be (-3)/(-9) - (-14)/(-6). Let z(l) = -4*l - 6. Let f be z(g). Suppose -3*y + f*n + 62 = -53, 1 = n. Calculate the greatest common factor of 13 and y.
13
Let g(x) = 253*x + 27. Let b be g(5). Calculate the highest common divisor of 340 and b.
68
Let q be (3*(-2)/(-8))/(3/(-72)). Let d be (-4)/q + 3012/54. What is the greatest common divisor of 140 and d?
28
Let t = -261 + 281. Suppose w - d = -4*w + 152, 0 = w + d - 28. Calculate the greatest common factor of t and w.
10
Let o(a) = a**3 + 3*a**2 - 47*a + 188. Let x be o(4). What is the greatest common factor of 6256 and x?
16
Suppose -2*s + 11 = -5. Let d be 1/(-4) + 90/s. Let j = 97 + 2. Calculate the highest common divisor of d and j.
11
Let o be (-5 - -1)/((-14)/113) - 6/21. Calculate the highest common factor of o and 1264.
16
Suppose 780 = 11*z + 9*z. Suppose -4316 = z*x - 13871. Let u(v) = 51*v - 2. Let s be u(1). What is the highest common divisor of x and s?
49
Let o(v) = -15 - 13*v + 3 + 29*v - 4. Let u be o(3). Suppose -640 = -4*l - 0*l. What is the greatest common divisor of u and l?
32
Let u = -5766 - -5788. Calculate the greatest common factor of 341 and u.
11
Suppose -10*i + 18 = -i. Let h(a) = 2860*a**2 + 7*a - 16 - 2859*a**i - 9. Let k be h(-12). Calculate the greatest common factor of k and 14.
7
Let t(v) = 4*v - 6*v + 4*v. Let q be t(3). Let l(o) = -2*o**3 + 17*o**2 + 94*o + 12. Let u be l(-4). What is the highest common factor of q and u?
6
Suppose 8*p - 7 = -31. Let j be 0 + ((-46)/p - (-5)/(-15)). Let f be (90/(-8))/(36/(-96)). Calculate the highest common divisor of j and f.
15
Suppose -1316*v + 1317*v - 131 = 0. Let n = 157 - v. Calculate the highest common divisor of n and 143.
13
Suppose 4*k - 61 = -5*l - 1, -4*l + 6 = -k. Let d be (k/(-15))/(3/(-27)). Calculate the greatest common factor of d and 24.
6
Let a be (-8)/(-2) + -5 + 7. Suppose -21*m = -10*m - 22. Suppose 0 = 4*x - 10 - m. What is the greatest common factor of a and x?
3
Let g = -1703 - -1721. What is the highest common divisor of 2718 and g?
18
Let w = 65 - 46. Suppose 16*f - 33*f = -w*f. Suppose f = 6*h - 225 + 69. What is the greatest common factor of h and 39?
13
Let a = -95 + 151. Suppose -262*g - a = -258*g. Let u be -4*1*21/g. What is the greatest common divisor of 150 and u?
6
Let t = -103 - -79. Let v = 61 + t. Let y = v - 7. What is the greatest common divisor of y and 6?
6
Let a = -3039 + 3742. Calculate the highest common factor of a and 407.
37
Let m = 4641 - 4531. What is the highest common divisor of 2090 and m?
110
Suppose -16 = -0*k - k. Suppose 14*g - 6 = 17*g. Let t be 25 - (-3 + (-10)/g + -1). Calculate the highest common divisor of k and t.
8
Let i be (4 + (-52)/12)*0. Suppose -3*p - 2*p = 